 What is the units digit of u(15)?
8
Let x(l) be the second derivative of 3*l**5/20 - 5*l**4/12 - 2*l**3/3 + 7*l**2/2 + 21*l. What is the hundreds digit of x(4)?
1
Suppose -b - 3*h + 219 = 0, 1105 - 50 = 5*b - 5*h. What is the hundreds digit of -1 + 8/(-4) + b?
2
Let t(i) = i**3 + 11*i**2 - 12*i + 3. Let x be t(-12). Suppose 0 = -x*j - 1 + 4. What is the units digit of j?
1
Let q(n) = -n**2 - 11*n - 2. Let k be q(-9). Let j be 1070/k + 7/56. Suppose 5*d = 2*x - 25, -3*x + 13 = d - j. What is the units digit of x?
5
Let y(d) = d**3 + d**2 - 2*d. Let n be y(0). Suppose n*m - 334 = -2*m. What is the hundreds digit of m?
1
Suppose 8*c = 10*c - 8. Suppose q - 160 = 3*q + c*f, f = 1. Let w = q + 151. What is the units digit of w?
9
Suppose -5*k + 4 = -4*d, -5 = 2*k - 4*k + 5*d. Let j be (k/1)/(-8 - -11). Suppose j = -3*p + 59 + 46. What is the tens digit of p?
3
What is the hundreds digit of (-1750)/126 - -14 - 5345/(-9)?
5
Let o be ((-1141)/(-14))/(4/(-24)). Let f = -319 - o. What is the tens digit of f?
7
Let u be 2/5 - 69/(-15). Suppose -u*q = 2*z - 217, z - 112 = 2*q - q. Suppose -4*s = -5*j - z, -6*j - 12 = -2*j. What is the tens digit of s?
2
Suppose -4*y = 3*l - 2544, 2439 = 2*l - 2*y + 757. What is the units digit of l?
4
Suppose -4*m + 2*i + 612 = 0, -203 = -2*m - i + 103. What is the tens digit of m?
5
Let k(a) = 86*a**2 - 3*a. Let f be ((16/(-2))/4)/(-2). What is the tens digit of k(f)?
8
Suppose 0 = -5*h + 25, 3*k - 5*h = k - 351. Let u = k - -359. Suppose 148 + u = 8*r. What is the units digit of r?
3
Let i(g) = -g**3 + 7*g**2 + g - 5. Suppose -2*k = -4*j - 2, 4*k + 21 = -5*j + 77. Suppose 3*w = -2*b + k, -3*w = 3*b - 4*w - 19. What is the tens digit of i(b)?
3
Let o = 13 - 13. Suppose 2*z - 11 - 33 = o. What is the units digit of z?
2
Suppose -3*o + m = -628, -2*o + 3*o + m - 204 = 0. Suppose 0*u - 2*u + o = 2*i, i - 124 = -5*u. Suppose 0 = -5*h + i + 86. What is the units digit of h?
7
Let t be ((1 - 10)/(-3))/1. Suppose t*z = 4*z - 3. Suppose 2*u = -z*u + 15. What is the units digit of u?
3
Let k = 108 - 18. What is the units digit of k?
0
Let p be (-132)/(-48) - 1/(-4). Let g be 4 - (p + (-1)/1). What is the units digit of 2 + g/2 + 3?
6
Suppose 4*f + 0*f = -5*h + 484, 0 = 2*f - 2. Let u(m) = -h*m + 9 + 92*m - 1. What is the units digit of u(-10)?
8
Suppose 0 = -4*z - 2050 + 5750. What is the tens digit of z?
2
Let u be (-2)/(-14) - (-36)/42. Let m = 5 + u. What is the tens digit of (-1 - -3)*87/m?
2
What is the thousands digit of 82/(-902) - 17843/(-11)?
1
Let z(t) = -5*t**3 + t**2 - 1. Let n be z(1). Let k = n - -9. Suppose -k*d - 4*w + 104 = -16, 36 = d - w. What is the units digit of d?
3
What is the tens digit of (-45060)/40*16/(-12)?
0
What is the tens digit of -2*(35682/(-132) - (-2)/(-11))?
4
What is the units digit of 88/(1/1 + (-6)/18)?
2
Let c = 456 - 248. Suppose 2*g = 4*g - c. Suppose x - g = -3*x. What is the tens digit of x?
2
Suppose 101*z - 108*z = -1456. What is the tens digit of z?
0
Let o = 40 + -24. Let d(r) be the third derivative of r**4/24 + r**3 - r**2 - 6*r. What is the units digit of d(o)?
2
Let l(y) = -3*y**3 + 4*y**3 + 2 + 5*y**2 - 2*y**3. Let p be l(5). Let f = 13 - p. What is the tens digit of f?
1
Suppose -10*d + 1304 = -6*d. Suppose 5*q - d = -v, -3*q - 5*v = -145 - 55. What is the tens digit of q?
6
Let d(s) = -140*s + 53. What is the hundreds digit of d(-5)?
7
Suppose -47*m = -14975 - 75500. What is the thousands digit of m?
1
Let r(b) = b + 2. Let o be (-14)/(-21) + 17/(-3). Let a be r(o). Let c = 19 + a. What is the tens digit of c?
1
Let m = -279 - -812. What is the tens digit of m?
3
Suppose -i + 7 = -37. Suppose w = -0*w + 2. Suppose w*t - i = -0*t. What is the tens digit of t?
2
Let o be -4 - (-3 - (-3)/(-1)). Let b be o + 4 - (-3)/(-1). Suppose -2*c + 7 = -b. What is the units digit of c?
5
Let j be ((-3780)/(-5))/7 + 3*1. Suppose o = b - j, 2*b + 0*b - 225 = -o. What is the units digit of b?
2
Let b = -98 + 8. Let q = 259 + b. What is the hundreds digit of q?
1
Let y = -385 + 3045. What is the units digit of y?
0
Let c(k) = 2040*k + 8. What is the hundreds digit of c(1)?
0
Let o = -896 - -949. What is the tens digit of o?
5
Let w(k) = 3*k + 6. Let m be w(3). Let h(j) = 2*j + 10. What is the tens digit of h(m)?
4
Let c(n) = n**2 + 5*n + 4. Let a be c(-6). Suppose -8*s + 3*s + a = 0. Suppose -6 = -s*k + 12. What is the units digit of k?
9
Suppose -3*a - 5*i = 2, 0*a - 4*a + 5*i + 9 = 0. What is the tens digit of 41 - (0 - 0) - a?
4
Let t(y) = -33*y**3 - y**2 + 4*y + 4. Let s be t(-1). Suppose -4*l + 464 = -s. What is the tens digit of l?
2
Suppose -3*v - 6 = -4*q, 2*v + 4*q - 10 = 6. Let j = -6 + v. What is the units digit of 17 - j/((-12)/9)?
4
Let g = -731 - -897. What is the units digit of g?
6
Suppose -5*t = c - 1698, t - 336 = -4*c + 5*c. What is the units digit of t?
9
Let y(b) = -45*b + 65. What is the units digit of y(-40)?
5
Suppose 0 = -n + 2035 - 672. What is the hundreds digit of n?
3
Let t(w) = -973*w - 242. What is the thousands digit of t(-5)?
4
Suppose 17*s = 14*s - 363. Let y = s - -160. What is the tens digit of y?
3
Let j(d) = d**2 - 5*d + 492. Let l be j(0). Suppose l = 5*i - i. What is the units digit of i?
3
Let r(o) = 2 + 2 + 7*o**2 - o + 0. Let k be r(-3). Suppose 0 = -5*z + 4*v + k, -5*z + 7*v - 4*v = -65. What is the units digit of z?
0
Let o = 420 + -237. What is the hundreds digit of o?
1
Let i be 6*(-2 + 1 - 0). Let g(p) = -3*p - 47. Let b be g(-21). Let w = i + b. What is the units digit of w?
0
Let r(x) = -x**2 - 19*x + 2. Let f be r(-19). Suppose f*a - 21 = -z, -4*a + a = -4*z + 117. What is the tens digit of z?
2
Suppose -31*t + 30*t + 1732 = -a, t - 1702 = -5*a. What is the tens digit of t?
2
Let o = 3 - 3. Suppose 4*q - 276 = -4*z - 0*q, 0 = z - 4*q - 94. Suppose o = 7*g - z - 31. What is the tens digit of g?
1
Let a(h) = -24*h + 20. What is the units digit of a(-8)?
2
Suppose 5*f + 5*z + 132 = 6*f, -z = -3. What is the hundreds digit of f?
1
Let i(u) = -u**2 + u + 1. Let n(y) = -5*y**2 - 3*y**2 - 4*y + 16 + 2*y**2 + 3*y**2. Let g(m) = -4*i(m) + n(m). What is the units digit of g(9)?
1
Let u = 21 - 24. What is the tens digit of (15/10)/(u/(-20))?
1
Suppose 3*t + 3*k = -39, 0 = t - 2*k - 2*k + 28. What is the units digit of (-9)/(-6)*t/(-6)?
4
Let a = -1112 + 1566. What is the hundreds digit of a?
4
Let v = -8 + 8. Suppose m - 2 = -v. What is the units digit of (1 - m - -3) + 23?
5
Suppose 8 = n + 2*m, 0*n - 8 = -n + 4*m. Let r = 16 - n. Suppose -3*x + 117 = 2*b - r*x, -56 = -b + 2*x. What is the units digit of b?
6
Suppose -9 = -h - 2*s, 3*h - 2*s - 9 = -2*h. Suppose -583 = -4*z - 5*i, 14 = -4*z + h*i + 573. What is the hundreds digit of z?
1
Let k = 77 + 132. Suppose 178 = 9*f - k. What is the units digit of f?
3
Let l(a) = 1299*a + 36. What is the tens digit of l(1)?
3
Suppose -24*x = -29*x + 1925. Suppose 6*n + 7 - x = 0. What is the tens digit of n?
6
Suppose 8*l + 4636 = 13548. What is the units digit of l?
4
Suppose -722 = 4*w - w - 5*l, w - l = -240. What is the tens digit of -2*w/4 - 8/16?
1
Let t(h) be the third derivative of 5/6*h**3 - 1/8*h**4 + 0 - 4*h**2 + 0*h. What is the tens digit of t(-6)?
2
Suppose -2*q + 558 = -122. Suppose 0*h + q = 4*h. What is the units digit of h?
5
Let d = -54 - -31. Let h be 3*-1 + (d - 3). Let q = h - -50. What is the units digit of q?
1
Let d be (200 - 14)/(6/8). Suppose 0 = -i, i + i - d = -4*p. What is the units digit of 1*p - (1 + -2)?
3
What is the units digit of (-7 - -4)*(-915)/9?
5
Let b be 20 + -10 - (3*1 + 0). Suppose -8*g + 23 = b. What is the units digit of g?
2
Suppose 0 = -u - 5, 4*z + 3*u - 3465 = 2636. What is the thousands digit of z?
1
Suppose 2*t - 1778 = -2*l, -l + 3*t + 207 = -698. What is the units digit of l?
3
Suppose 4 = -4*l + 12. Suppose -2*b + l = -b. Suppose -v = b*h - 75, 0 = 4*h - 7*h - v + 114. What is the units digit of h?
9
What is the hundreds digit of ((-69)/6)/(((-8)/4)/28)?
1
Let x(w) = -w**3 + 10*w**2 + 15*w - 7. Let t be x(11). Suppose -u - 5*a - 6 = 0, 5*a - t = u - 1. Let g = u - -34. What is the tens digit of g?
1
Let k(p) = 2*p**3 - 8*p**2 + 28*p + 29. What is the hundreds digit of k(11)?
0
Let d(o) = -9*o + 13. Let q be d(10). Let s = 162 + q. Suppose 4*i = -s + 289.